{"id":1307,"date":"2023-01-04T13:53:11","date_gmt":"2023-01-04T12:53:11","guid":{"rendered":"https:\/\/aurorelemoine.com\/?page_id=1307"},"modified":"2023-09-05T16:09:26","modified_gmt":"2023-09-05T14:09:26","slug":"estheticienne-osez-vendre-2","status":"publish","type":"page","link":"https:\/\/aurorelemoine.com\/index.php\/estheticienne-osez-vendre-2\/","title":{"rendered":"Masterclass &#8211; Esth\u00e9ticienne 2.0 : Osez vendre"},"content":{"rendered":"\t\t<div data-elementor-type=\"wp-page\" data-elementor-id=\"1307\" class=\"elementor elementor-1307\" data-elementor-post-type=\"page\">\n\t\t\t\t\t\t<section class=\"elementor-section elementor-top-section elementor-element elementor-element-bb3e1d0 elementor-section-boxed elementor-section-height-default elementor-section-height-default\" data-id=\"bb3e1d0\" data-element_type=\"section\" data-e-type=\"section\" data-settings=\"{&quot;background_background&quot;:&quot;classic&quot;}\">\n\t\t\t\t\t\t<div class=\"elementor-container elementor-column-gap-default\">\n\t\t\t\t\t<div class=\"elementor-column elementor-col-50 elementor-top-column elementor-element elementor-element-dab2d7c\" data-id=\"dab2d7c\" data-element_type=\"column\" data-e-type=\"column\">\n\t\t\t<div class=\"elementor-widget-wrap elementor-element-populated\">\n\t\t\t\t\t\t<div class=\"elementor-element elementor-element-0ed7fed elementor-widget elementor-widget-heading\" data-id=\"0ed7fed\" data-element_type=\"widget\" data-e-type=\"widget\" data-widget_type=\"heading.default\">\n\t\t\t\t<div class=\"elementor-widget-container\">\n\t\t\t\t\t<p class=\"elementor-heading-title elementor-size-large\">Esth\u00e9ticienne 2.0 : Osez vendre !<\/p>\t\t\t\t<\/div>\n\t\t\t\t<\/div>\n\t\t\t\t<div class=\"elementor-element elementor-element-e4e6906 elementor-widget elementor-widget-text-editor\" data-id=\"e4e6906\" data-element_type=\"widget\" data-e-type=\"widget\" data-widget_type=\"text-editor.default\">\n\t\t\t\t<div class=\"elementor-widget-container\">\n\t\t\t\t\t\t\t\t\t<p>Inscrivez-vous et assistez imm\u00e9diatement au contenu 100% gratuit<\/p><p><strong>Au programme :<\/strong><\/p><ul><li>Je d\u00e9construis les croyances limitantes li\u00e9es \u00e0 la vente<\/li><li>Le secret de l&rsquo;\u00e9coute visuelle<\/li><li>La m\u00e9thode pour ouvrir le discours et cr\u00e9er un climat de confiance<\/li><li>Les 4 obstacles qui vous emp\u00eachent de vendre<\/li><li>L&rsquo;attitude et le langage \u00e0 adopter selon le profil de votre cliente<\/li><li>Les moments propices pour \u00e9changer sur les besoins de votre cliente<\/li><li>Le mod\u00e8le SONCAS r\u00e9adapt\u00e9 pour l&rsquo;esth\u00e9ticienne<\/li><\/ul>\t\t\t\t\t\t\t\t<\/div>\n\t\t\t\t<\/div>\n\t\t\t\t\t<\/div>\n\t\t<\/div>\n\t\t\t\t<div class=\"elementor-column elementor-col-50 elementor-top-column elementor-element elementor-element-3126bad\" data-id=\"3126bad\" data-element_type=\"column\" data-e-type=\"column\">\n\t\t\t<div class=\"elementor-widget-wrap elementor-element-populated\">\n\t\t\t\t\t\t<div class=\"elementor-element elementor-element-cb0a4ed elementor-widget elementor-widget-image\" data-id=\"cb0a4ed\" data-element_type=\"widget\" data-e-type=\"widget\" data-widget_type=\"image.default\">\n\t\t\t\t<div class=\"elementor-widget-container\">\n\t\t\t\t\t\t\t\t\t\t\t\t\t\t\t<img fetchpriority=\"high\" decoding=\"async\" width=\"479\" height=\"853\" src=\"https:\/\/aurorelemoine.com\/wp-content\/uploads\/2023\/04\/pexels-andrea-piacquadio-3785419-1.jpg\" class=\"attachment-full size-full wp-image-1609\" alt=\"\" srcset=\"https:\/\/aurorelemoine.com\/wp-content\/uploads\/2023\/04\/pexels-andrea-piacquadio-3785419-1.jpg 479w, https:\/\/aurorelemoine.com\/wp-content\/uploads\/2023\/04\/pexels-andrea-piacquadio-3785419-1-350x623.jpg 350w, https:\/\/aurorelemoine.com\/wp-content\/uploads\/2023\/04\/pexels-andrea-piacquadio-3785419-1-168x300.jpg 168w\" sizes=\"100vw\" \/>\t\t\t\t\t\t\t\t\t\t\t\t\t\t\t<\/div>\n\t\t\t\t<\/div>\n\t\t\t\t\t<\/div>\n\t\t<\/div>\n\t\t\t\t\t<\/div>\n\t\t<\/section>\n\t\t\t\t<section class=\"elementor-section elementor-top-section elementor-element elementor-element-3670a05e elementor-section-boxed elementor-section-height-default elementor-section-height-default\" data-id=\"3670a05e\" data-element_type=\"section\" data-e-type=\"section\" data-settings=\"{&quot;background_background&quot;:&quot;classic&quot;}\">\n\t\t\t\t\t\t<div class=\"elementor-container elementor-column-gap-default\">\n\t\t\t\t\t<div class=\"elementor-column elementor-col-100 elementor-top-column elementor-element elementor-element-127dd0cb\" data-id=\"127dd0cb\" data-element_type=\"column\" data-e-type=\"column\">\n\t\t\t<div class=\"elementor-widget-wrap\">\n\t\t\t\t\t\t\t<\/div>\n\t\t<\/div>\n\t\t\t\t\t<\/div>\n\t\t<\/section>\n\t\t\t\t<section class=\"elementor-section elementor-top-section elementor-element elementor-element-df66f39 elementor-section-boxed elementor-section-height-default elementor-section-height-default\" data-id=\"df66f39\" data-element_type=\"section\" data-e-type=\"section\" data-settings=\"{&quot;background_background&quot;:&quot;classic&quot;}\">\n\t\t\t\t\t\t<div class=\"elementor-container elementor-column-gap-default\">\n\t\t\t\t\t<div class=\"elementor-column elementor-col-100 elementor-top-column elementor-element elementor-element-78e77b9\" data-id=\"78e77b9\" data-element_type=\"column\" data-e-type=\"column\">\n\t\t\t<div class=\"elementor-widget-wrap elementor-element-populated\">\n\t\t\t\t\t\t<div class=\"elementor-element elementor-element-0c236c8 elementor-widget elementor-widget-heading\" data-id=\"0c236c8\" data-element_type=\"widget\" data-e-type=\"widget\" data-widget_type=\"heading.default\">\n\t\t\t\t<div class=\"elementor-widget-container\">\n\t\t\t\t\t<p class=\"elementor-heading-title elementor-size-default\">Rejoignez\nla masterclass<\/p>\t\t\t\t<\/div>\n\t\t\t\t<\/div>\n\t\t\t\t<div class=\"elementor-element elementor-element-00a86dd elementor-widget elementor-widget-text-editor\" data-id=\"00a86dd\" data-element_type=\"widget\" data-e-type=\"widget\" data-widget_type=\"text-editor.default\">\n\t\t\t\t<div class=\"elementor-widget-container\">\n\t\t\t\t\t\t\t\t\t<p>En remplissant le formulaire suivant, vous allez \u00eatre imm\u00e9diatement redirig\u00e9 vers le lien <strong>secret<\/strong> de la vid\u00e9o \u00ab\u00a0Comment boostez ses ventes ? Le monde de la vente un monde qui enchante !\u00a0\u00bb.<\/p><p>Pr\u00eat \u00e0 la d\u00e9couvrir ?<\/p>\t\t\t\t\t\t\t\t<\/div>\n\t\t\t\t<\/div>\n\t\t\t\t<section class=\"elementor-section elementor-inner-section elementor-element elementor-element-670230e elementor-section-boxed elementor-section-height-default elementor-section-height-default\" data-id=\"670230e\" data-element_type=\"section\" data-e-type=\"section\">\n\t\t\t\t\t\t<div class=\"elementor-container elementor-column-gap-default\">\n\t\t\t\t\t<div class=\"elementor-column elementor-col-50 elementor-inner-column elementor-element elementor-element-cb5aef6\" data-id=\"cb5aef6\" data-element_type=\"column\" data-e-type=\"column\">\n\t\t\t<div class=\"elementor-widget-wrap elementor-element-populated\">\n\t\t\t\t\t\t<div class=\"elementor-element elementor-element-ab49060 elementor-widget elementor-widget-image\" data-id=\"ab49060\" data-element_type=\"widget\" data-e-type=\"widget\" data-widget_type=\"image.default\">\n\t\t\t\t<div class=\"elementor-widget-container\">\n\t\t\t\t\t\t\t\t\t\t\t\t\t\t\t<img decoding=\"async\" width=\"525\" height=\"788\" src=\"https:\/\/aurorelemoine.com\/wp-content\/uploads\/2023\/08\/pexels-god-picture-14465808.jpg\" class=\"attachment-large size-large wp-image-1869\" alt=\"\" srcset=\"https:\/\/aurorelemoine.com\/wp-content\/uploads\/2023\/08\/pexels-god-picture-14465808.jpg 640w, https:\/\/aurorelemoine.com\/wp-content\/uploads\/2023\/08\/pexels-god-picture-14465808-200x300.jpg 200w, https:\/\/aurorelemoine.com\/wp-content\/uploads\/2023\/08\/pexels-god-picture-14465808-350x525.jpg 350w\" sizes=\"100vw\" \/>\t\t\t\t\t\t\t\t\t\t\t\t\t\t\t<\/div>\n\t\t\t\t<\/div>\n\t\t\t\t\t<\/div>\n\t\t<\/div>\n\t\t\t\t<div class=\"elementor-column elementor-col-50 elementor-inner-column elementor-element elementor-element-f7f6b72\" data-id=\"f7f6b72\" data-element_type=\"column\" data-e-type=\"column\">\n\t\t\t<div class=\"elementor-widget-wrap elementor-element-populated\">\n\t\t\t\t\t\t<div class=\"elementor-element elementor-element-2ccde78d elementor-button-align-center elementor-widget elementor-widget-form\" data-id=\"2ccde78d\" data-element_type=\"widget\" data-e-type=\"widget\" data-settings=\"{&quot;step_next_label&quot;:&quot;Suivant&quot;,&quot;step_previous_label&quot;:&quot;Pr\\u00e9c\\u00e9dent&quot;,&quot;button_width&quot;:&quot;100&quot;,&quot;step_type&quot;:&quot;number_text&quot;,&quot;step_icon_shape&quot;:&quot;circle&quot;}\" data-widget_type=\"form.default\">\n\t\t\t\t<div class=\"elementor-widget-container\">\n\t\t\t\t\t\t\t<form class=\"elementor-form\" method=\"post\" name=\"Inscription au webinaire\" aria-label=\"Inscription au webinaire\">\n\t\t\t<input type=\"hidden\" name=\"post_id\" value=\"1307\"\/>\n\t\t\t<input type=\"hidden\" name=\"form_id\" value=\"2ccde78d\"\/>\n\t\t\t<input type=\"hidden\" name=\"referer_title\" value=\"Masterclass &#8211; Esth\u00e9ticienne 2.0 : Osez vendre\" \/>\n\n\t\t\t\t\t\t\t<input type=\"hidden\" name=\"queried_id\" value=\"1307\"\/>\n\t\t\t\n\t\t\t<div class=\"elementor-form-fields-wrapper elementor-labels-above\">\n\t\t\t\t\t\t\t\t<div class=\"elementor-field-type-text elementor-field-group elementor-column elementor-field-group-name elementor-col-100\">\n\t\t\t\t\t\t\t\t\t\t\t\t\t<input size=\"1\" type=\"text\" name=\"form_fields[name]\" id=\"form-field-name\" class=\"elementor-field elementor-size-sm  elementor-field-textual\" placeholder=\"Pr\u00e9nom\">\n\t\t\t\t\t\t\t\t\t\t\t<\/div>\n\t\t\t\t\t\t\t\t<div class=\"elementor-field-type-email elementor-field-group elementor-column elementor-field-group-email elementor-col-100 elementor-field-required\">\n\t\t\t\t\t\t\t\t\t\t\t\t\t<input size=\"1\" type=\"email\" name=\"form_fields[email]\" id=\"form-field-email\" class=\"elementor-field elementor-size-sm  elementor-field-textual\" placeholder=\"Email\" required=\"required\">\n\t\t\t\t\t\t\t\t\t\t\t<\/div>\n\t\t\t\t\t\t\t\t<div class=\"elementor-field-type-tel elementor-field-group elementor-column elementor-field-group-field_680c6f6 elementor-col-100 elementor-field-required\">\n\t\t\t\t\t\t\t<input size=\"1\" type=\"tel\" name=\"form_fields[field_680c6f6]\" id=\"form-field-field_680c6f6\" class=\"elementor-field elementor-size-sm  elementor-field-textual\" placeholder=\"T\u00e9l\u00e9phone\" required=\"required\" pattern=\"[0-9()#&amp;+*-=.]+\" title=\"Seuls les caract\u00e8res de num\u00e9ros de t\u00e9l\u00e9phone (#, -, *, etc.) sont accept\u00e9s.\">\n\n\t\t\t\t\t\t<\/div>\n\t\t\t\t\t\t\t\t<div class=\"elementor-field-type-acceptance elementor-field-group elementor-column elementor-field-group-field_16b81d9 elementor-col-100 elementor-field-required\">\n\t\t\t\t\t\t\t<div class=\"elementor-field-subgroup\">\n\t\t\t<span class=\"elementor-field-option\">\n\t\t\t\t<input type=\"checkbox\" name=\"form_fields[field_16b81d9]\" id=\"form-field-field_16b81d9\" class=\"elementor-field elementor-size-sm  elementor-acceptance-field\" required=\"required\">\n\t\t\t\t<label for=\"form-field-field_16b81d9\">Je suis d'accord de recevoir quelques emails \u00e0 port\u00e9e commerciale de la part d'Aurore Lemoine pour m'aider dans mon activit\u00e9.<\/label>\t\t\t<\/span>\n\t\t<\/div>\n\t\t\t\t\t\t<\/div>\n\t\t\t\t\t\t\t\t<div class=\"elementor-field-group elementor-column elementor-field-type-submit elementor-col-100 e-form__buttons\">\n\t\t\t\t\t<button class=\"elementor-button elementor-size-sm\" type=\"submit\">\n\t\t\t\t\t\t<span class=\"elementor-button-content-wrapper\">\n\t\t\t\t\t\t\t\t\t\t\t\t\t\t\t\t\t\t\t\t\t\t<span class=\"elementor-button-text\">C'est parti !<\/span>\n\t\t\t\t\t\t\t\t\t\t\t\t\t<\/span>\n\t\t\t\t\t<\/button>\n\t\t\t\t<\/div>\n\t\t\t<\/div>\n\t\t<\/form>\n\t\t\t\t\t\t<\/div>\n\t\t\t\t<\/div>\n\t\t\t\t<div class=\"elementor-element elementor-element-41862283 elementor-widget elementor-widget-text-editor\" data-id=\"41862283\" data-element_type=\"widget\" data-e-type=\"widget\" data-widget_type=\"text-editor.default\">\n\t\t\t\t<div class=\"elementor-widget-container\">\n\t\t\t\t\t\t\t\t\t<p>Je respecte votre vie priv\u00e9e. Vous pouvez vous d\u00e9sinscrire \u00e0 tout moment.<\/p>\t\t\t\t\t\t\t\t<\/div>\n\t\t\t\t<\/div>\n\t\t\t\t\t<\/div>\n\t\t<\/div>\n\t\t\t\t\t<\/div>\n\t\t<\/section>\n\t\t\t\t\t<\/div>\n\t\t<\/div>\n\t\t\t\t\t<\/div>\n\t\t<\/section>\n\t\t\t\t<section class=\"elementor-section elementor-top-section elementor-element elementor-element-c33ae45 elementor-section-boxed elementor-section-height-default elementor-section-height-default\" data-id=\"c33ae45\" data-element_type=\"section\" data-e-type=\"section\" data-settings=\"{&quot;background_background&quot;:&quot;classic&quot;}\">\n\t\t\t\t\t\t<div class=\"elementor-container elementor-column-gap-default\">\n\t\t\t\t\t<div class=\"elementor-column elementor-col-100 elementor-top-column elementor-element elementor-element-138783e\" data-id=\"138783e\" data-element_type=\"column\" data-e-type=\"column\">\n\t\t\t<div class=\"elementor-widget-wrap\">\n\t\t\t\t\t\t\t<\/div>\n\t\t<\/div>\n\t\t\t\t\t<\/div>\n\t\t<\/section>\n\t\t\t\t<section class=\"elementor-section elementor-top-section elementor-element elementor-element-202f163 elementor-section-boxed elementor-section-height-default elementor-section-height-default\" data-id=\"202f163\" data-element_type=\"section\" data-e-type=\"section\" data-settings=\"{&quot;background_background&quot;:&quot;classic&quot;}\">\n\t\t\t\t\t\t<div class=\"elementor-container elementor-column-gap-default\">\n\t\t\t\t\t<div class=\"elementor-column elementor-col-100 elementor-top-column elementor-element elementor-element-4e54bb3\" data-id=\"4e54bb3\" data-element_type=\"column\" data-e-type=\"column\">\n\t\t\t<div class=\"elementor-widget-wrap elementor-element-populated\">\n\t\t\t\t\t\t<section class=\"elementor-section elementor-inner-section elementor-element elementor-element-6e6ea378 elementor-section-boxed elementor-section-height-default elementor-section-height-default\" data-id=\"6e6ea378\" data-element_type=\"section\" data-e-type=\"section\">\n\t\t\t\t\t\t<div class=\"elementor-container elementor-column-gap-default\">\n\t\t\t\t\t<div class=\"elementor-column elementor-col-33 elementor-inner-column elementor-element elementor-element-525332ce\" data-id=\"525332ce\" data-element_type=\"column\" data-e-type=\"column\" data-settings=\"{&quot;background_background&quot;:&quot;classic&quot;}\">\n\t\t\t<div class=\"elementor-widget-wrap elementor-element-populated\">\n\t\t\t\t\t\t<div class=\"elementor-element elementor-element-642312e4 elementor-widget elementor-widget-image\" data-id=\"642312e4\" data-element_type=\"widget\" data-e-type=\"widget\" data-widget_type=\"image.default\">\n\t\t\t\t<div class=\"elementor-widget-container\">\n\t\t\t\t\t\t\t\t\t\t\t\t\t\t\t<img decoding=\"async\" src=\"https:\/\/aurorelemoine.com\/wp-content\/uploads\/2022\/10\/Tatiana-di-paolo-2.jpeg\" title=\"\" alt=\"\" loading=\"lazy\" \/>\t\t\t\t\t\t\t\t\t\t\t\t\t\t\t<\/div>\n\t\t\t\t<\/div>\n\t\t\t\t<div class=\"elementor-element elementor-element-22aea5a8 elementor-widget elementor-widget-text-editor\" data-id=\"22aea5a8\" data-element_type=\"widget\" data-e-type=\"widget\" data-widget_type=\"text-editor.default\">\n\t\t\t\t<div class=\"elementor-widget-container\">\n\t\t\t\t\t\t\t\t\t<p>Une esth\u00e9ticienne passionn\u00e9e par son m\u00e9tier&#8230; Qu&rsquo;est-ce que \u00e7a fait plaisir !<br \/>Elle sait de quoi elle parle et ses formations sont le fruit de toutes ces ann\u00e9es d&rsquo;exp\u00e9rience.<\/p>\t\t\t\t\t\t\t\t<\/div>\n\t\t\t\t<\/div>\n\t\t\t\t<div class=\"elementor-element elementor-element-4c56b16f elementor-widget elementor-widget-text-editor\" data-id=\"4c56b16f\" data-element_type=\"widget\" data-e-type=\"widget\" data-widget_type=\"text-editor.default\">\n\t\t\t\t<div class=\"elementor-widget-container\">\n\t\t\t\t\t\t\t\t\t<p>Tatiana Di Paolo<br><\/p>\t\t\t\t\t\t\t\t<\/div>\n\t\t\t\t<\/div>\n\t\t\t\t\t<\/div>\n\t\t<\/div>\n\t\t\t\t<div class=\"elementor-column elementor-col-33 elementor-inner-column elementor-element elementor-element-64e47b14\" data-id=\"64e47b14\" data-element_type=\"column\" data-e-type=\"column\" data-settings=\"{&quot;background_background&quot;:&quot;classic&quot;}\">\n\t\t\t<div class=\"elementor-widget-wrap elementor-element-populated\">\n\t\t\t\t\t\t<div class=\"elementor-element elementor-element-3a28f859 elementor-widget elementor-widget-image\" data-id=\"3a28f859\" data-element_type=\"widget\" data-e-type=\"widget\" data-widget_type=\"image.default\">\n\t\t\t\t<div class=\"elementor-widget-container\">\n\t\t\t\t\t\t\t\t\t\t\t\t\t\t\t<img decoding=\"async\" width=\"525\" height=\"528\" src=\"https:\/\/aurorelemoine.com\/wp-content\/uploads\/2022\/10\/julie-urban-1.jpeg\" class=\"attachment-large size-large wp-image-544\" alt=\"\" srcset=\"https:\/\/aurorelemoine.com\/wp-content\/uploads\/2022\/10\/julie-urban-1.jpeg 998w, https:\/\/aurorelemoine.com\/wp-content\/uploads\/2022\/10\/julie-urban-1-250x250.jpeg 250w, https:\/\/aurorelemoine.com\/wp-content\/uploads\/2022\/10\/julie-urban-1-100x100.jpeg 100w, https:\/\/aurorelemoine.com\/wp-content\/uploads\/2022\/10\/julie-urban-1-350x352.jpeg 350w, https:\/\/aurorelemoine.com\/wp-content\/uploads\/2022\/10\/julie-urban-1-298x300.jpeg 298w, https:\/\/aurorelemoine.com\/wp-content\/uploads\/2022\/10\/julie-urban-1-150x150.jpeg 150w, https:\/\/aurorelemoine.com\/wp-content\/uploads\/2022\/10\/julie-urban-1-768x773.jpeg 768w\" sizes=\"100vw\" \/>\t\t\t\t\t\t\t\t\t\t\t\t\t\t\t<\/div>\n\t\t\t\t<\/div>\n\t\t\t\t<div class=\"elementor-element elementor-element-5b3ed598 elementor-widget elementor-widget-text-editor\" data-id=\"5b3ed598\" data-element_type=\"widget\" data-e-type=\"widget\" data-widget_type=\"text-editor.default\">\n\t\t\t\t<div class=\"elementor-widget-container\">\n\t\t\t\t\t\t\t\t\t<p>Super chouette rencontre inter-\u00e9cran<br>Conf\u00e9rence sympa, l\u00e9g\u00e8re toute en \u00e9tant pro. <br>Aurore nous a donn\u00e9 de bonnes id\u00e9es et un bon coup de boost pour la reprise ! merci<\/p>\t\t\t\t\t\t\t\t<\/div>\n\t\t\t\t<\/div>\n\t\t\t\t<div class=\"elementor-element elementor-element-7e65d3f4 elementor-widget elementor-widget-text-editor\" data-id=\"7e65d3f4\" data-element_type=\"widget\" data-e-type=\"widget\" data-widget_type=\"text-editor.default\">\n\t\t\t\t<div class=\"elementor-widget-container\">\n\t\t\t\t\t\t\t\t\t<p>Julie Urban<\/p>\t\t\t\t\t\t\t\t<\/div>\n\t\t\t\t<\/div>\n\t\t\t\t\t<\/div>\n\t\t<\/div>\n\t\t\t\t<div class=\"elementor-column elementor-col-33 elementor-inner-column elementor-element elementor-element-268eade8\" data-id=\"268eade8\" data-element_type=\"column\" data-e-type=\"column\" data-settings=\"{&quot;background_background&quot;:&quot;classic&quot;}\">\n\t\t\t<div class=\"elementor-widget-wrap elementor-element-populated\">\n\t\t\t\t\t\t<div class=\"elementor-element elementor-element-369f66a9 elementor-widget elementor-widget-image\" data-id=\"369f66a9\" data-element_type=\"widget\" data-e-type=\"widget\" data-widget_type=\"image.default\">\n\t\t\t\t<div class=\"elementor-widget-container\">\n\t\t\t\t\t\t\t\t\t\t\t\t\t\t\t<img decoding=\"async\" src=\"https:\/\/aurorelemoine.com\/wp-content\/uploads\/2022\/12\/ame.jpeg\" title=\"\" alt=\"\" loading=\"lazy\" \/>\t\t\t\t\t\t\t\t\t\t\t\t\t\t\t<\/div>\n\t\t\t\t<\/div>\n\t\t\t\t<div class=\"elementor-element elementor-element-74cb9e37 elementor-widget elementor-widget-text-editor\" data-id=\"74cb9e37\" data-element_type=\"widget\" data-e-type=\"widget\" data-widget_type=\"text-editor.default\">\n\t\t\t\t<div class=\"elementor-widget-container\">\n\t\t\t\t\t\t\t\t\t<div dir=\"auto\"><div dir=\"auto\">Une formation en toute intimit\u00e9, avec une belle \u00e9nergie, de nombreux \u00e9changes avec d\u2019autres esth\u00e9ticiennes passionn\u00e9es,\u2026<br \/>Depuis je n\u2019ai plus peur de la vente et je peux vous dire que les conseils d\u2019Aurore marchent du tonnerre!<br \/>Je vous conseille vivement d\u2019aller faire la formation!!!<\/div><\/div>\t\t\t\t\t\t\t\t<\/div>\n\t\t\t\t<\/div>\n\t\t\t\t<div class=\"elementor-element elementor-element-4182b913 elementor-widget elementor-widget-text-editor\" data-id=\"4182b913\" data-element_type=\"widget\" data-e-type=\"widget\" data-widget_type=\"text-editor.default\">\n\t\t\t\t<div class=\"elementor-widget-container\">\n\t\t\t\t\t\t\t\t\t<p>Am\u00e9 Deblire<\/p>\t\t\t\t\t\t\t\t<\/div>\n\t\t\t\t<\/div>\n\t\t\t\t\t<\/div>\n\t\t<\/div>\n\t\t\t\t\t<\/div>\n\t\t<\/section>\n\t\t\t\t\t<\/div>\n\t\t<\/div>\n\t\t\t\t\t<\/div>\n\t\t<\/section>\n\t\t\t\t<\/div>\n\t\t","protected":false},"excerpt":{"rendered":"<p>Esth\u00e9ticienne 2.0 : Osez vendre ! Inscrivez-vous et assistez imm\u00e9diatement au contenu 100% gratuit Au programme : Je d\u00e9construis les croyances limitantes li\u00e9es \u00e0 la vente Le secret de l&rsquo;\u00e9coute visuelle La m\u00e9thode pour ouvrir le discours et cr\u00e9er un climat de confiance Les 4 obstacles qui vous emp\u00eachent de vendre L&rsquo;attitude et le langage &hellip; <\/p>\n<p class=\"link-more\"><a href=\"https:\/\/aurorelemoine.com\/index.php\/estheticienne-osez-vendre-2\/\" class=\"more-link\">Continuer la lecture<span class=\"screen-reader-text\"> de &laquo;&nbsp;Masterclass &#8211; Esth\u00e9ticienne 2.0 : Osez vendre&nbsp;&raquo;<\/span><\/a><\/p>\n","protected":false},"author":4,"featured_media":0,"parent":0,"menu_order":0,"comment_status":"closed","ping_status":"closed","template":"elementor_header_footer","meta":{"footnotes":""},"class_list":["post-1307","page","type-page","status-publish","hentry"],"jetpack_sharing_enabled":true,"_links":{"self":[{"href":"https:\/\/aurorelemoine.com\/index.php\/wp-json\/wp\/v2\/pages\/1307","targetHints":{"allow":["GET"]}}],"collection":[{"href":"https:\/\/aurorelemoine.com\/index.php\/wp-json\/wp\/v2\/pages"}],"about":[{"href":"https:\/\/aurorelemoine.com\/index.php\/wp-json\/wp\/v2\/types\/page"}],"author":[{"embeddable":true,"href":"https:\/\/aurorelemoine.com\/index.php\/wp-json\/wp\/v2\/users\/4"}],"replies":[{"embeddable":true,"href":"https:\/\/aurorelemoine.com\/index.php\/wp-json\/wp\/v2\/comments?post=1307"}],"version-history":[{"count":59,"href":"https:\/\/aurorelemoine.com\/index.php\/wp-json\/wp\/v2\/pages\/1307\/revisions"}],"predecessor-version":[{"id":2141,"href":"https:\/\/aurorelemoine.com\/index.php\/wp-json\/wp\/v2\/pages\/1307\/revisions\/2141"}],"wp:attachment":[{"href":"https:\/\/aurorelemoine.com\/index.php\/wp-json\/wp\/v2\/media?parent=1307"}],"curies":[{"name":"wp","href":"https:\/\/api.w.org\/{rel}","templated":true}]}}